20).
0
Let c(j) = j**2 - 6*j + 11. Give c(6).
11
Let n(w) = 24*w + 91. Determine n(-3).
19
Let l(n) = 9*n**2 - 1. What is l(1)?
8
Let s(j) = -j**2 - 7*j - 8. Calculate s(-7).
-8
Let g(p) = -p**3 + 4*p**2 + 13*p - 21. What is g(6)?
-15
Let b(f) = 9*f + 1. Determine b(1).
10
Let h(z) = -2*z**3 - 12*z**2 - 13*z - 7. Calculate h(-5).
8
Let i(x) = 2*x**3 - 2*x**2 - 2*x - 1. Determine i(-2).
-21
Let s(i) = -i**2 - 8*i + 7. Give s(-9).
-2
Let i(m) = m**2 - 15*m - 2. Determine i(14).
-16
Let h(x) = -5*x - 4. What is h(6)?
-34
Let k(a) = -a**3 + 22*a**2 - 20*a - 16. Give k(21).
5
Let a(i) = 23*i**2 + 113*i + 12. What is a(-5)?
22
Let y(s) = -8*s + 86. Calculate y(11).
-2
Let m(u) = -u**2 + 13*u - 53. Calculate m(12).
-41
Let v(l) = -32*l - 18. Determine v(-6).
174
Let v(w) = w**3 + 5*w**2 + 2*w + 12. Calculate v(-5).
2
Let f(m) = -m**3 - m**2 + 3*m - 13. Determine f(-3).
-4
Let r(g) = -g**2 - 2*g. What is r(-4)?
-8
Let s(p) = -5*p + 107. Calculate s(20).
7
Let u(b) = 10*b + 23. What is u(-3)?
-7
Let p(f) = -2*f**2 - 22*f - 14. Determine p(-10).
6
Let b(x) = 3*x**2 + 7*x + 4. Calculate b(-2).
2
Let a(m) = 4*m - 37. Determine a(9).
-1
Let h(g) = -9*g**3 + g - 2. What is h(1)?
-10
Let v(x) = x**2 + 33*x - 201. Determine v(5).
-11
Let x(z) = -z + 5. Give x(8).
-3
Let z(n) = -9*n + 69. Calculate z(9).
-12
Let i(q) = q**3 - q**2 - 47. Calculate i(0).
-47
Let q(h) = h**2 - 9*h - 14. Give q(10).
-4
Let m(w) = -6*w + 2. Calculate m(5).
-28
Let g(h) = 7*h - 47. Give g(5).
-12
Let a(d) = d**3 - 6. Determine a(0).
-6
Let k(b) = 4*b - 45. Calculate k(9).
-9
Let x(i) = 17*i - 82. Calculate x(5).
3
Let y(b) = b**2 + 12*b + 1. Give y(-12).
1
Let t(q) = q**2 + 22*q - 114. Give t(-26).
-10
Let t(h) = h**3 + 4*h**2 + h - 2. Determine t(-3).
4
Let z(q) = -4*q**2 - q + 13. Determine z(2).
-5
Let l(a) = a**3 + 6*a**2 + 12*a + 16. Determine l(-2).
8
Let k(l) = -l**3 + l**2 - l + 8. Calculate k(0).
8
Let w(x) = -x**3 - 15*x**2 + 19*x + 59. Calculate w(-16).
11
Let y(l) = -7*l**2 + l + 4. What is y(-5)?
-176
Let d(g) = -g**2 + 3*g + 62. What is d(-7)?
-8
Let j(r) = 4*r**2 - 2*r. Calculate j(2).
12
Let s(h) = h**2 - h - 159. Calculate s(14).
23
Let k(m) = -7*m - 40. What is k(-6)?
2
Let d(f) = f**2 + 13*f + 24. Determine d(-11).
2
Let v(y) = 2*y**3 + 4*y**2 - y - 3. Determine v(-3).
-18
Let a(y) = 8*y + 42. What is a(-8)?
-22
Let j(c) = c**2 + 5*c - 182. Calculate j(11).
-6
Let d(o) = -2*o - 12. What is d(-4)?
-4
Let n(a) = -a**3 + 32*a**2 - 116*a + 97. Calculate n(28).
-15
Let x(c) = -c**3 + 12*c**2 - 12*c. Calculate x(11).
-11
Let x(f) = -2*f**2 - 10*f - 15. Calculate x(-6).
-27
Let h(t) = t**3 - 2*t**2 - 6*t + 4. What is h(4)?
12
Let k(c) = -6*c - 9. Give k(-4).
15
Let s(n) = 8*n - 7. Calculate s(6).
41
Let k(b) = -16*b - 49. Calculate k(-8).
79
Let s(m) = -m**2 - 29*m + 7. Determine s(-30).
-23
Let b(z) = 3*z - 4. Give b(2).
2
Let q(p) = 4*p**2 + 54*p + 2. Determine q(-14).
30
Let r(h) = -h**3 - 3*h**2 - 3*h + 4. Determine r(-3).
13
Let z(t) = t**3 + 2*t**2 + 3*t + 2. Give z(3).
56
Let o(j) = -29*j**2 + 1. Calculate o(1).
-28
Let k(i) = -i**3 - 3*i**2 + 5*i + 4. Determine k(-4).
0
Let y(r) = -r**3 + 22*r**2 - r + 1. Determine y(22).
-21
Let w(t) = 2*t**3 + 8*t**2 + t - 2. What is w(-3)?
13
Let v(g) = -4*g**2 + 6*g - 9. Calculate v(3).
-27
Let f(k) = 232*k + 473. Determine f(-2).
9
Let y(a) = -54*a**3 - a**2 - a + 2. What is y(1)?
-54
Let i(a) = -a**3 + 21*a**2 + a - 29. Calculate i(21).
-8
Let h(l) = -l**3 + 2*l**2 - 3. Calculate h(0).
-3
Let b(l) = l**3 - 15*l**2 + 13*l + 15. Determine b(14).
1
Let a(n) = -n**3 + 7*n**2 + 11. What is a(7)?
11
Let v(w) = -11*w - 79. Determine v(-6).
-13
Let b(n) = -n - 8. What is b(-7)?
-1
Let y(j) = -j**3 + 13*j**2 - 9*j + 10. What is y(12)?
46
Let t(r) = -r**2 - 5*r + 22. What is t(-7)?
8
Let s(a) = -a**3 + 3*a + 6. Determine s(-2).
8
Let m(c) = -5*c**2 + 2. What is m(1)?
-3
Let s(d) = -d - 1. Give s(-2).
1
Let c(b) = b**3 - b**2 + 3*b + 31. Give c(0).
31
Let i(f) = -10*f + 2. Calculate i(1).
-8
Let w(h) = 6*h - 8. Determine w(-17).
-110
Let y(v) = -v**3 + 22*v**2 - v + 21. What is y(22)?
-1
Let c(h) = -h**3 + 4*h**2 + 17*h + 5. Give c(6).
35
Let p(j) = -58*j - 14. What is p(0)?
-14
Let g(i) = -15*i - 357. Determine g(-24).
3
Let p(x) = -x**2 + 6*x + 10. What is p(9)?
-17
Let x(s) = -s**3 + 6*s**2 + 10*s + 29. Determine x(8).
-19
Let f(p) = p**3 + 67*p**2 + 191*p - 57. Give f(-64).
7
Let g(y) = 14*y**2 + 6*y - 16. Calculate g(2).
52
Let q(w) = -w**3 - 9*w**2 + 5*w + 25. Calculate q(-10).
75
Let u(a) = -3*a - 24. Give u(3).
-33
Let s(u) = u**2 - 14*u + 4. Calculate s(9).
-41
Let b(z) = z - 7. Give b(21).
14
Let v(x) = x**3 + 2*x**2 - 3*x + 4. Give v(-3).
4
Let i(z) = z - 12. Determine i(5).
-7
Let t(h) = -2*h + 33. Calculate t(16).
1
Let u(b) = -6*b - 1. Determine u(6).
-37
Let w(m) = -139*m + 562. Determine w(4).
6
Let i(n) = 2*n**3 + 14*n**2 + 13*n + 2. Give i(-7).
-89
Let y(c) = -22*c - 66. What is y(-3)?
0
Let s(y) = -y**3 + 23*y**2 + 27*y - 67. Determine s(24).
5
Let o(n) = 2*n - 16. Determine o(11).
6
Let i(n) = -2*n + 15. Give i(6).
3
Let l(y) = -y**3 - 10*y**2 - y - 5. Calculate l(-10).
5
Let i(p) = -p**2 - 20*p + 63. What is i(-22)?
19
Let g(d) = 338*d + 1356. What is g(-4)?
4
Let f(w) = 61*w**3 - w**2 - w + 2. What is f(1)?
61
Let h(r) = r**3 + 11*r**2 - 9*r + 4. Give h(-12).
-32
Let v(d) = 2*d**3 - 87*d**2 - 43*d - 40. Calculate v(44).
4
Let b(s) = -6*s**2 + 2*s + 2. Calculate b(-1).
-6
Let h(r) = -r**2 + 7*r - 15. What is h(8)?
-23
Let b(y) = y**3 + 3*y**2 - 16*y - 14. What is b(-6)?
-26
Let b(g) = -2*g**3 - 12*g**2 + 14*g + 9. What is b(-6)?
-75
Let b(f) = f**3 + 25*f**2 - 2*f - 42. Determine b(-25).
8
Let a(p) = -4*p + 11. Give a(-1).
15
Let k(q) = -q**3 + 16*q**2 + 19*q - 66. Determine k(17).
-32
Let h(s) = 4*s**2 + 4*s + 11. Give h(-3).
35
Let m(d) = 3*d**2 + 2*d + 2. What is m(-2)?
10
Let x(c) = 5*c**3 - 3*c**2 + 3*c - 5. Determine x(2).
29
Let a(k) = -2*k - 29. Determine a(-14).
-1
Let t(a) = 2*a + 57. Give t(-30).
-3
Let g(p) = -p**3 - 6*p**2 - 6*p + 8. Give g(-4).
0
Let t(m) = m**3 + 14*m**2 + 2*m + 20. Calculate t(-14).
-8
Let l(p) = p**2 - 24*p + 126. Give l(8).
-2
Let p(f) = -f**3 - 4*f**2 + 15*f + 2. Calculate p(-5).
-48
Let j(m) = -m**2 - 23*m - 135. Give j(-13).
-5
Let b(m) = 4*m - 5. What is b(-4)?
-21
Let x(r) = -59*r - 106. Calculate x(-2).
12
Let b(w) = 14*w - 68. Give b(6).
16
Let f(b) = -2*b**2 + 4*b + 27. Determine f(-3).
-3
Let m(c) = 13*c**2 - 55*c + 7. Give m(4).
-5
Let y(w) = w**3 + 16*w**2 + 2*w + 21. What is y(-16)?
-11
Let x(f) = -22*f**2 - 3*f - 2. Give x(-1).
-21
Let z(f) = f**3 + 5*f**2 + 12*f + 24. Give z(-3).
6
Let n(l) = l**3 - 11*l**2 + 10*l + 14. Give n(10).
14
Let b(y) = -y**3 + y**2 - 11. Give b(0).
-11
Let h(n) = -16*n - 77. Give h(-5).
3
Let n(g) = g**3 + 7*g**2 + g + 3. What is n(-7)?
-4
Let i(h) = -h**3 + 2*h**2 - h + 2. Give i(3).
-10
Let r(s) = s**3 + 2*s**2 + 2*s + 11. Determine r(0).
11
Let f(z) = z**3 - 16*z**2 + 13*z + 25. Determine f(15).
-5
Let u(q) = -q**3 + 14*q**2 - 12*q - 16. What is u(13)?
-3
Let b(q) = 3*q**2 - 30*q - 7. Calculate b(10).
-7
Let j(v) = -16*v**2 + v. What is j(1)?
-15
Let c(k) = -9*k - 23. Determine c(-8).
49
Let v(c) = -c**3 + 37*c**2 + 39*c - 22. Give v(38).
16
Let z(m) = -2*m**2 - 35*m - 9. What is z(-17)?
8
Let c(b) = b**3 + 8*b**2 + 8*b - 4. Give c(-6).
20
Let d(p) = p**3 - 24*p**2 + 6*p + 390. Calculate d(23).
-1
Let w(h) = 2*h**2 + h - 32. What is w(0)?
-32
Let c(y) = -y**3 - 22*y**2 + 72*y - 52. Give c(-25).
23
Let g(f) = -f**2 - 31*f - 122. Give g(-26).
8
Let h(j) = -4*j - 41. Calculate h(-14).
15
Let s(p) = p**3 + 5*p**2 - 10*p + 16. What is s(-7)?
-12
Let c(w) = -2*w**2 - 18*w - 32. Give c(-7).
-4
Let n(y) = 2*y**2 - 4. What is n(2)?
4
Let c(o) = -o**3 + o**2 + 2*o - 76. Give c(0).
-76
Let j(c) = -c**3 - 14*c**2 - 14*c + 12. Determine j(-13).
25
Let m(t) = -t + 35. Determine m(0).
35
Let z(q) = q**2 + 11*q - 10. What is z(-11)?
-10
Let p(j) = -19*j + 115. What is p(6)?
1
Let a(j) = -j**3 - 16*j**2 - 11*j + 2. Determine a(-15).
-58
Let c(i) = -3*i**2 - 4*i - 3. Determine c(-2).
-7
Let q(l) = l**2 - 24*l + 26. What is q(23)?
3
Let y(c) = 57*c + 224. Determine y(-4).
-4
Let r(z) = z**2 - 95. Calculate r(0).
-95
Let t(s) = s**2 - 5*s - 33. Calcul